
Let h be ((-27)/12)/((-21)/56). Suppose s = -3*c + 13, h*c - 9 = 3*c. Suppose -s*f = 10 - 102. What is the units digit of f?
3
Let p = 2489 + -1353. What is the hundreds digit of p?
1
Let n = -1057 + 2353. What is the units digit of n?
6
Suppose -11*o + 43461 = 22*o. What is the tens digit of o?
1
Suppose 2*p - 6 = -3*w - 0, w = -2*p + 2. Let h be (-4)/(-2) + w + -5. What is the tens digit of (63/12 + h)*4?
1
Let f(x) = -2 - 2*x - 5 + 5 + 0. What is the units digit of f(-11)?
0
Let y(l) = 2*l**2 - l - 3. Suppose -2*q - i = q - 6, 0 = 5*i + 15. Let u be y(q). What is the units digit of (6 + 0)*u/8?
9
Suppose 3*t - 2733 + 207 = 0. What is the units digit of t?
2
Let r(z) = 9*z**2 + 4*z - 5. Let n be r(4). Let w be 48 - (-9 - 1)/5. Suppose -2*a - t + 15 = -w, -5*t + n = 5*a. What is the units digit of a?
4
Let n = 6 - 6. Let d = 7 - n. What is the units digit of d?
7
Let g = 101 - -57. What is the hundreds digit of g?
1
Let l(i) = -9*i + 9. Let a(x) = -x**3 + 5*x**2 - 6*x + 3. Let j be a(4). Let p be l(j). What is the tens digit of (-10)/3*p/(-10)?
1
Suppose 4*c - 3*c = -11. Let r = c - -48. What is the tens digit of r?
3
Let n(h) = 3*h**3 - 4*h**2 - 16*h - 1. What is the hundreds digit of n(8)?
1
Let u = -329 - -599. Suppose 28*b = 23*b + u. What is the units digit of b?
4
Suppose -36*q = -46*q + 63000. What is the units digit of q?
0
Let y be (-15)/(-10)*4/(-6). Suppose -3*d - 20 = 2*d. What is the tens digit of 4*y*17/d?
1
Suppose -4*m - 4 = -12. Suppose m*i - 5*q = -0*i, 3*i - 5*q + 5 = 0. What is the tens digit of 3/i + 532/20?
2
Let h(d) = d**3 - d**2 + 4*d - 1. Let n(k) = 2*k**2 + 2*k - 2. Let w be n(-2). Let s be h(w). Let q = s + -4. What is the units digit of q?
7
Suppose 45*h - 39*h - 234 = 0. Let y = -4 + 7. Suppose y*i - 93 = h. What is the tens digit of i?
4
Suppose -3*f = -f - 3*w - 3, -4*f = -w - 11. Suppose f*g + 9*g = 1752. What is the units digit of g?
6
Let c be (-4)/(-56) + (-45)/630. Let z(l) = l**3 + 4*l**2 - 4*l + 7. Let u be z(-5). Suppose c = -u*p + 61 + 33. What is the units digit of p?
7
Let i(u) = -3*u + 22. Let k be i(0). Suppose 77 + k = o. What is the units digit of o?
9
Suppose 5*b - 9 = 71. Let a be (-2)/1 - (b + -161). Suppose 9 = -2*c - 1, -3*f = -4*c - a. What is the tens digit of f?
4
Let m = -21 + 27. Suppose -234 + 30 = -m*t. What is the tens digit of t?
3
Let i(v) = 8*v**3 + 2*v - 1. Let y be i(1). Let x = y + -2. What is the units digit of x?
7
Let u = -243 + 680. What is the tens digit of u?
3
Let a(z) = -28*z - 8. Let c be a(-9). Suppose -5*y + c = -31. What is the tens digit of y?
5
Let v be 49 + (15/3 - 4). Let j = -42 + v. What is the units digit of j?
8
Suppose 3*s + 5*n = 280, n - 516 = -5*s - 42. What is the units digit of s?
5
Let v be (4 + -6 + 3)*-89. Let j = v + 127. What is the units digit of j?
8
Let u(t) = t**2 + 6*t + 5. Let j be u(-6). Suppose -b - 94 = 2*v - 4*v, -j*v + 235 = -b. What is the units digit of v?
7
Let i be -49*2*3/24*8. Let r = i + 174. What is the units digit of r?
6
Suppose 3*h + 0*h = -2*q + 1373, 0 = -q + 4. What is the hundreds digit of h?
4
Suppose 0 = 10*j - 2*j - 3992. What is the hundreds digit of j?
4
What is the hundreds digit of (-2179 - -1)*-4*13/78?
4
Suppose 7*r = 2*r. Suppose v + 11 = -r. Let o(m) = -2*m - 14. What is the units digit of o(v)?
8
Let d = 25 - 44. Let l = d - -213. What is the hundreds digit of l?
1
Suppose 4*f = -325 - 531. Let g = -118 - f. What is the tens digit of g?
9
What is the hundreds digit of -7 + 1077 + (3 - -5)?
0
Let f(n) = 285*n**2 + 13*n - 66*n**2 - 11*n. What is the tens digit of f(1)?
2
Let a be (-327)/(-12) - (-1)/(-4). Suppose j + 3*j - 52 = 0. Let i = a - j. What is the tens digit of i?
1
Suppose -6*p + 183 = -81. Let m = p - 22. What is the units digit of m?
2
Let z(n) = -n**2 + 6*n + 1. Let r be z(3). Suppose 44 = a + r. What is the tens digit of a?
3
Suppose -4*k + 3*d + 2167 + 880 = 0, 5*k = 4*d + 3809. What is the units digit of k?
1
Let k be 1 + (-60)/((-6)/2). Suppose 3*u - k = 4*f, 4*u - 14 - 10 = 4*f. What is the tens digit of (360/(-27))/(1/f)?
4
Suppose a - 712 = 1305. What is the units digit of a?
7
What is the units digit of ((-2)/5)/((-113382)/(-9450) + -12)?
0
Let g(h) = h**2 + 4*h + 7. Suppose -w - 3*w + 8 = 0. Suppose -5*u - 15 = -w*u. What is the tens digit of g(u)?
1
Suppose 4*r = 20, 2*j = -0*j + 5*r - 19. Let h(f) = 2 - 1 + 9*f + j. What is the units digit of h(6)?
8
Suppose 20 = -5*j - 140. Let y(k) = -9*k - 77. What is the tens digit of y(j)?
1
Suppose -3*u - 4*u = 1603. Let c = 378 + u. What is the units digit of c?
9
What is the tens digit of (13/(195/(-610)))/(6/(-81))?
4
Suppose -4*w + 942 = 2*u, 2*w + 4*u - 208 - 254 = 0. What is the hundreds digit of w?
2
Let o(s) = s + 3. Let b be o(5). Let c(i) = 5*i + 14. What is the units digit of c(b)?
4
Let q be (-3*2)/((-3)/(-8)*-4). What is the units digit of 2/7 - ((-15648)/28)/q?
0
Let k(z) = -z + 5. Let q be k(5). Suppose q = 4*h + t - 9, 2*t = -3*h - 2*t + 23. What is the units digit of -2*h*(-19 + 0)?
8
Let k = -68 + 121. Let u = k - 35. What is the units digit of u?
8
Let r(w) = -w**2 - 13*w - 8. Let c be r(-12). Suppose -c*g + 3*b = -270, 5*g - 7*b + 3*b = 337. What is the tens digit of g?
6
Suppose 3*y + 4*a - 107 = 0, a - 2*a = -5*y + 186. What is the units digit of y?
7
Suppose 2614 = 15*f - 5636. What is the tens digit of f?
5
Let z = 2385 - 1435. What is the tens digit of z?
5
Let i = 848 - 398. What is the units digit of i?
0
Let g = -2620 + 4605. What is the units digit of g?
5
Suppose x + 27 = 4*x. Let d be 1*0*(-3)/x. Suppose -5*p = -0*v - 3*v - 34, p + 4*v + 7 = d. What is the units digit of p?
5
Let x(k) = -6*k - 6. Let b be x(-3). Suppose -b*d = -10*d - 16. What is the tens digit of (2 - d)*-3 - 0?
1
Suppose 17568 = 2*w + 10*w. What is the units digit of w?
4
Let o(w) = -4*w**3 + 2*w**2 + 2*w. Let s be o(-1). Suppose 0*p - s*c - 153 = -p, -3*p + 4*c + 451 = 0. What is the hundreds digit of p?
1
Let q(o) = -13*o + 68. Let g be q(-11). Suppose g + 605 = 3*l. What is the units digit of l?
2
Let l = 49 - 42. What is the hundreds digit of (l + 0)*220/14?
1
Let x = 60 - 41. Suppose -x = -6*k - 241. Let c = 85 + k. What is the tens digit of c?
4
Suppose 0 = -4*w + 20 + 8. Let r(l) = l**2 - 5*l + 1. What is the tens digit of r(w)?
1
Let o be -4*(-1 + 0/(-2)). Suppose 6*z = 15 + 3. Suppose -z*u + o = u. What is the units digit of u?
1
Let y be 1/(-1)*(-3 - -2). What is the units digit of -4 - (1 + y + -18)?
2
Let n = 1596 + -232. What is the hundreds digit of n?
3
Suppose 211266 - 61986 = 30*z. What is the tens digit of z?
7
What is the tens digit of (2 + 47)*9228/84?
8
What is the hundreds digit of (-56 - -6)/(-10) + 1265 + 1?
2
Let a = 1526 + -1008. Suppose 3*y - t = 145 + a, -4*y + 5*t = -895. What is the units digit of y?
0
Let j = 4 - -15. Suppose j = 5*y - 46. What is the units digit of y?
3
Let n be 3/2*(-144)/(-27). Suppose n = 4*k, 4*w - 4*k = 64 + 60. Suppose -3*t - w = -3*s, 5*t + 2 + 9 = s. What is the units digit of s?
1
Let t(k) = -2*k - 13. Let r be t(-6). What is the units digit of (r - (-18)/4)*(-8)/(-2)?
4
What is the tens digit of (355/(-71))/(1/(-345))?
2
Let n be 2/2 + (-7)/(-1). Let i(t) = -t**3 - 7*t**2 - t - 10. Let l be i(-7). What is the units digit of (l/(-2))/(n/16)?
3
Suppose -2*h + 624 = -0*h + 2*g, -25 = -5*g. Let u = -175 + h. Suppose -4*o + f = -6*o + u, 5*o = 5*f + 315. What is the tens digit of o?
6
Suppose 1116*b = 1118*b - 1674. What is the hundreds digit of b?
8
Let t be (2/4)/(2/12). Let a(u) = -u**2 + 3*u + 30. Let v be a(7). Suppose -2*o = -t*o - c + 32, 3*o - 96 = -v*c. What is the tens digit of o?
3
Let s be (918/4)/((-3)/(-4)). What is the units digit of ((-21)/9)/(1 + (-309)/s)?
8
Let r = -1 + 34. Suppose r*t - 37*t + 1172 = 0. What is the hundreds digit of t?
2
Let c(t) = 2*t - 14. Let g = 2 + 5. Let p be c(g). Suppose p = 3*m + m - 212. What is the units digit of m?
3
Let k(t) = -35*t - 7. Let i(d) = 0*d - 3*d + 21*d + 2 + 1. Let y(v) = 13*i(v) + 6*k(v). What is the tens digit of y(2)?
4
Suppose 3*q - q = -4*n + 6, 4 = -4*q. Suppose -2*z - n*z + 256 = 0. What is the units digit of z?
4
Let x(s) = -2*s - 11. Let b be x(-7). Suppose 2*r = -6, 4*q + b*r - 304 = 363. What is the hundreds digit of 